 the highest common factor of 26962 and 17?
17
What is the highest common divisor of 99 and 1260?
9
What is the greatest common divisor of 22 and 1606?
22
What is the highest common divisor of 22290 and 20?
10
Calculate the highest common factor of 247 and 13.
13
Calculate the greatest common divisor of 168 and 1029.
21
Calculate the highest common divisor of 275 and 12595.
55
Calculate the highest common divisor of 68 and 1292.
68
What is the highest common divisor of 4 and 394?
2
Calculate the greatest common divisor of 6 and 150.
6
What is the highest common factor of 196 and 4?
4
What is the greatest common factor of 2720 and 60?
20
Calculate the greatest common divisor of 72 and 90.
18
What is the highest common factor of 1131 and 117?
39
What is the greatest common factor of 129 and 12?
3
Calculate the highest common factor of 192 and 24.
24
Calculate the greatest common divisor of 2527 and 14801.
361
Calculate the greatest common factor of 495 and 110.
55
Calculate the highest common divisor of 69 and 552.
69
What is the greatest common factor of 44 and 55?
11
Calculate the highest common factor of 25 and 1525.
25
Calculate the greatest common factor of 530 and 10.
10
Calculate the greatest common divisor of 1042 and 2.
2
What is the highest common divisor of 1752 and 73?
73
What is the highest common divisor of 63 and 2415?
21
What is the greatest common divisor of 578 and 918?
34
Calculate the greatest common divisor of 2647 and 5.
1
Calculate the highest common divisor of 35 and 9.
1
Calculate the highest common divisor of 399 and 266.
133
What is the highest common divisor of 8 and 5608?
8
Calculate the highest common factor of 172 and 2150.
86
What is the greatest common factor of 8 and 98?
2
What is the highest common divisor of 24 and 376?
8
Calculate the highest common divisor of 165 and 195.
15
Calculate the greatest common factor of 420 and 350.
70
What is the highest common divisor of 44 and 704?
44
Calculate the highest common factor of 30 and 27720.
30
Calculate the highest common divisor of 6721 and 13.
13
Calculate the greatest common factor of 80 and 128.
16
Calculate the highest common divisor of 901 and 85.
17
What is the greatest common factor of 30 and 50?
10
Calculate the greatest common factor of 4 and 164.
4
Calculate the highest common divisor of 625 and 100.
25
Calculate the highest common factor of 1083 and 114.
57
Calculate the greatest common factor of 100 and 75.
25
What is the highest common factor of 828 and 437?
23
Calculate the greatest common divisor of 1854 and 54.
18
Calculate the highest common divisor of 100 and 450.
50
What is the highest common factor of 15680 and 735?
245
What is the greatest common factor of 65 and 208?
13
Calculate the greatest common divisor of 18 and 135.
9
Calculate the greatest common divisor of 1272 and 24.
24
What is the highest common divisor of 36 and 2196?
36
What is the highest common divisor of 21 and 350?
7
Calculate the greatest common divisor of 116 and 8.
4
Calculate the greatest common divisor of 182 and 8.
2
Calculate the highest common factor of 32 and 224.
32
What is the highest common factor of 16 and 10124?
4
Calculate the highest common factor of 102 and 4556.
34
What is the highest common divisor of 400 and 40?
40
Calculate the highest common divisor of 1235 and 380.
95
Calculate the highest common factor of 26 and 325.
13
Calculate the highest common factor of 1781 and 52.
13
Calculate the greatest common factor of 286 and 440.
22
Calculate the greatest common factor of 1311 and 19.
19
What is the highest common divisor of 252 and 144?
36
Calculate the highest common divisor of 276 and 2047.
23
Calculate the greatest common divisor of 95 and 152.
19
What is the greatest common divisor of 156 and 21?
3
What is the highest common divisor of 91 and 13?
13
Calculate the highest common factor of 4 and 796.
4
What is the greatest common divisor of 1265 and 1380?
115
What is the highest common divisor of 752 and 141?
47
Calculate the highest common factor of 8473 and 111.
37
Calculate the highest common divisor of 1545 and 60.
15
Calculate the greatest common divisor of 36 and 1566.
18
What is the highest common factor of 216 and 4248?
72
Calculate the highest common divisor of 288 and 216.
72
What is the highest common factor of 675 and 975?
75
Calculate the greatest common divisor of 13 and 91.
13
Calculate the highest common factor of 270 and 297.
27
Calculate the greatest common factor of 126 and 56.
14
Calculate the greatest common divisor of 89 and 3827.
89
Calculate the highest common factor of 781 and 1349.
71
Calculate the greatest common divisor of 9 and 45.
9
Calculate the greatest common divisor of 51 and 24.
3
Calculate the highest common divisor of 4189 and 59.
59
What is the greatest common factor of 7 and 1967?
7
Calculate the highest common factor of 16 and 9224.
8
What is the highest common factor of 1926 and 18?
18
What is the greatest common divisor of 123 and 9?
3
Calculate the greatest common factor of 669 and 3.
3
Calculate the greatest common divisor of 960 and 416.
32
Calculate the highest common divisor of 138 and 2208.
138
What is the greatest common divisor of 35 and 2233?
7
What is the highest common divisor of 1232 and 336?
112
Calculate the greatest common factor of 1036 and 84.
28
Calculate the greatest common divisor of 312 and 5772.
156
Calculate the greatest common divisor of 39 and 611.
13
What is the greatest common factor of 3091 and 11?
11
What is the highest common factor of 48 and 36?
12
What is the highest common divisor of 16 and 3664?
16
Calculate the highest common factor of 28 and 196.
28
Calculate the highest common divisor of 2187 and 162.
81
What is the greatest common factor of 78 and 6?
6
What is the greatest common divisor of 82 and 48954?
82
Calculate the highest common divisor of 1243 and 44.
11
What is the highest common factor of 112 and 3052?
28
What is the highest common factor of 48 and 932?
4
Calculate the greatest common divisor of 126 and 654.
6
What is the highest common divisor of 33 and 187?
11
Calculate the highest common divisor of 2601 and 1445.
289
What is the highest common divisor of 48 and 16?
16
What is the greatest common factor of 60 and 45?
15
Calculate the greatest common factor of 175 and 725.
25
What is the greatest common factor of 24 and 1816?
8
Calculate the highest common divisor of 4500 and 200.
100
Calculate the greatest common divisor of 25 and 125.
25
What is the highest common divisor of 17221 and 17?
17
Calculate the highest common factor of 9010 and 10.
10
What is the greatest common divisor of 3505 and 10?
5
What is the highest common factor of 5662 and 76?
38
What is the highest common factor of 385 and 55?
55
What is the highest common factor of 47 and 235?
47
Calculate the greatest common factor of 96 and 26.
2
What is the greatest common divisor of 285 and 210?
15
Calculate the greatest common divisor of 112 and 2800.
112
What is the highest common divisor of 621 and 27?
27
What is the greatest common divisor of 53 and 24221?
53
What is the highest common factor of 5 and 65?
5
Calculate the greatest common factor of 20 and 85.
5
What is the greatest common divisor of 231 and 3773?
77
What is the highest common divisor of 465 and 1488?
93
What is the greatest common factor of 140 and 154?
14
What is the greatest common divisor of 2 and 86?
2
Calculate the greatest common factor of 144 and 168.
24
What is the highest common factor of 54 and 2106?
54
Calculate the highest common divisor of 767 and 177.
59
What is the greatest common divisor of 112 and 12656?
112
What is the greatest common factor of 184 and 161?
23
Calculate the highest common divisor of 20 and 510.
10
What is the greatest common divisor of 5 and 895?
5
Calculate the highest common divisor of 48 and 496.
16
Calculate the highest common factor of 3 and 29433.
3
Calculate the greatest common factor of 64 and 480.
32
What is the greatest common divisor of 140 and 2540?
20
What is the greatest common divisor of 6160 and 455?
35
What is the greatest common divisor of 16 and 688?
16
What is the greatest common factor of 2700 and 1600?
100
Calculate the highest common factor of 210 and 60.
30
What is the g